(3 + 6))?
-26
Evaluate (-23 - -6) + 16 - (28 + (1 - 5)).
-25
Evaluate -2 - -10 - (18 + (4 - 11 - -9)).
-12
-4 + 9 + -13 + -5
-13
Calculate 10 + -3 + -7 + (-1 - 9).
-10
Evaluate 5 - (17 + -4 - 17).
9
Calculate (13 + -22 - -12) + (-1 - -4).
6
What is -6 + 32 - 14 - 2?
10
Evaluate 11 - (14 - (-8 + 8 + 7)).
4
Evaluate 18 + 11 + -5 - 17.
7
Evaluate -2 + -17 - (21 - (4 + (38 - 23))).
-21
What is the value of 8 + -8 + 5 - -2 - -5?
12
What is the value of (6 - 13) + (0 - (-4 - -5))?
-8
Evaluate 1 - 10 - (-22 + 22 - 9).
0
What is the value of 9 - 18 - -11 - (-9 - (0 - 6))?
5
What is -11 - (14 - (14 - 0))?
-11
What is (0 - 1) + (-1 + 10 + -12 - 3)?
-7
(-43 - -39 - (2 - 1 - 6)) + -11
-10
What is the value of 10 - ((0 - -1) + -3)?
12
What is (1 - (-9 - -1)) + -7 - -4?
6
Calculate 3 + (0 - (3 - -5)) - 1.
-6
What is (9 - (30 - 9)) + 1 + 13?
2
What is 34 - (0 + 4 + (35 - (11 - -25)))?
31
What is 3 + (5 - 11 - -6) + (-12 - 1)?
-10
Calculate 6 - ((-5 - 8 - 6) + 1 + 7).
17
-3 + -11 + (-6 - -9) + -11 + 3
-19
What is 69 - 61 - (18 + -1)?
-9
Calculate -2 - (23 + -1) - (1 + -10 - -2).
-17
What is (-16 - -4) + 154 + -124?
18
Calculate -5 - (-6 - (5 - 4 - (0 + 4))).
-2
What is the value of (-3 - 0 - (-2 + -3) - 17) + -3?
-18
Evaluate 1 + -42 + 15 - -9.
-17
Evaluate (7 - (9 + -10 + 11)) + 12 + -1.
8
Calculate 1 + 7 - (-54 - -69).
-7
What is the value of -2 + (-13 - 0) - (-56 - -56) - -1?
-14
What is the value of 10 + (-20 - (7 - 23))?
6
Calculate (42 - 45) + (-1 - 2 - (-14 - -7)).
1
What is the value of 10 + (81 + -91 - (-1 + -12) - -5)?
18
What is the value of 0 - (-3 + (2 - 8) - -21)?
-12
What is the value of 1 + 5 + (-4 + 36 - 26)?
12
-49 + 38 - (2 + -8) - (2 + 8)
-15
What is the value of -23 + 22 - (7 + (-1 - -23))?
-30
What is (-10 - -16 - -6) + -19?
-7
What is (-13 + 24 - 0 - 9) + 5?
7
49 + (-112 - -48) + 38 + -1
22
What is (21 - (-24 - -30)) + -21?
-6
Evaluate 5 + -7 - 15 - -30.
13
What is -11 - -1 - (76 + (-2 - 90))?
6
Calculate -18 + -24 + -4 + 30.
-16
(-7 - 9 - 5) + 11
-10
What is the value of -2 + 12 + 1 + 25 + -27?
9
Calculate -2 + 11 + -3 + 6 + -31.
-19
Evaluate 12 - ((4 - -4) + 7).
-3
Evaluate (-39 - (49 - 44)) + 64.
20
What is (10 - 26 - -31) + -20?
-5
What is (14 - (14 + (14 - 13))) + (13 - 0)?
12
Calculate -103 + 93 - (4 + -2 + 5).
-17
What is 1 + -10 - (2 - (14 - 12))?
-9
What is -9 + 2 + -9 + (13 - 8)?
-11
Evaluate -22 - -33 - (-7 + 7) - 8.
3
What is the value of -23 - 0 - (-28 + 33 + (-7 - 2))?
-19
Evaluate -16 - -5 - (-47 + 37) - -35.
34
-18 - (-7 - (-6 + 13))
-4
Evaluate (-5 + 9 - 3) + 3 - (-33 + 40).
-3
What is the value of -30 + -1 - (-17 + (17 - 18) + 17)?
-30
(28 - 33) + 14 + (3 - 1)
11
Evaluate (-166 + 175 - (12 + 0)) + 2.
-1
What is the value of (0 - 1) + (4 - 5) + -3?
-5
Evaluate -3 + (8 - 8) + -5 + 20 - -8.
20
What is the value of 14 - 4 - 10 - (-5 + -3 + 17)?
-9
What is the value of 6 - ((-2 - 12) + -72 + 82) - 21?
-11
Calculate 55 + -25 + -11 - 43.
-24
What is the value of 33 + 0 - (-330 + 353)?
10
What is the value of -4 - (-2 + (-7 + 6 - -7))?
-8
What is 2 - (-8 - (-13 - 0)) - -9?
6
What is the value of (0 + -18 - 6) + 2 + 7 + -6?
-21
What is the value of 5 + (8 - 6) + -7 - -6 - 3?
3
What is the value of -4 - (-7 - 4) - (5 - 3)?
5
Calculate 80 - 111 - ((-10 - -3) + -3).
-21
Evaluate -11 + (15 - -14) - (-10 + -1).
29
What is 0 + -3 + -71 + 40 + 27?
-7
21 + 28 + -34 - (2 + 20)
-7
What is the value of (-1 - (3 + -1) - (2 + -11)) + 9?
15
Calculate -1 + -22 - (48 + -53) - (5 - 3).
-20
Evaluate -14 - 9 - -42 - -6.
25
What is the value of (11 - 4) + -10 + 7 - 9?
-5
Calculate 3 - ((4 - 1 - 12) + 28 + -20).
4
-4 - ((4 - -3) + -4 + -4)
-3
What is (0 - 2) + (43 - (-4 + 42))?
3
What is 10 + (-16 - (-5 + -11 - -9)) + -14?
-13
Calculate 4 + -8 + 21 - ((-17 - -32) + -20).
22
-4 + (-2 - -2) + -2 - (404 + -400)
-10
(23 + -12 - -15) + -30
-4
What is the value of -14 - (8 - (-14 + 48))?
12
Calculate 2 - (-14 + (5 - (-4 - -1 - -3))).
11
What is the value of 5 - 2 - (2 - (-1 + 9))?
9
Evaluate 0 - -2 - -3 - (-4 + 12 + 3).
-6
What is -2 - (-18 - 19 - -37 - (-1 - 9))?
-12
What is the value of -10 - (3 + 9 + -14 + 7)?
-15
(-4 - (9 - -6)) + 10 + 13
4
Evaluate 193 + -183 - (-8 + (3 - 2)).
17
(23 - 87 - -14) + 27
-23
19 - (-9 - (-51 + 26))
3
Calculate 22 + -21 - (2 - -1).
-2
Calculate 12 - (-3 - (4 - 13) - 11) - -2.
19
What is 43 + -46 + (0 - (-7 - -6))?
-2
What is the value of (7 - -10) + (-72 - -45)?
-10
Calculate (-3 - (2 + -13)) + -11 - -12.
9
Calculate 41 + -7 + 1 + (4 - 4) - 9.
26
What is the value of -4 + 6 + 16 + -12?
6
Calculate 3 + 18 + -5 - (2 - (3 - -3)).
20
5 - (3 - -29 - 11)
-16
What is the value of -17 + (-8 - -15 - 1)?
-11
Evaluate 1 + -6 + 5 + (-15 - -19) - 4.
0
-27 + 38 - ((11 - 1) + -1)
2
What is -10 + (15 - 9) - 10?
-14
What is 43 - (36 + (-32 - -24))?
15
Calculate -13 + -10 + 12 - -14 - -13.
16
0 + 4 + -13 - (-3 + -4)
-2
16 + -14 + 5 - (0 - -16)
-9
What is the value of -6 + -1 - (143 + -70 - 67)?
-13
What is the value of -44 + -34 + 84 + 6 + -1?
11
What is the value of -5 + 4 + (-10 - -12) + 4?
5
Calculate (74 - 85) + (4 + -4 - 2 - -10).
-3
18 - (6 + 4 + -6 + -2 + -4)
20
-2 + (3 + -1 - (22 - 31))
9
Evaluate 1 + (6 + (13 - 14) - (0 - 3)).
9
What is -1 + -9 + 0 + 96 + (-142 - -38)?
-18
What is the value of 19 + (3 - (21 + 14))?
-13
Evaluate -129 + 73 - (-22 - 1).
-33
Calculate 1 + (-1 + -4 - 2).
-6
Evaluate 81 + -88 + (1 - -22) - (-4 - -4).
16
What is the value of 12 + -7 + (-11 + 6 - -11)?
11
Evaluate 5 + -2 + (-8 - -9) - (20 - 32).
16
-14 + 2 + 4 + 11 - -2
5
3672 + -3684 - (-5 + 0 + 1)
-8
What is the value of -11 + 13 + -29 + 11?
-16
What is the value of -5 - (-1 + -22) - 19?
-1
Calculate (-223 + 207 - (-7 - 1)) + 21.
13
Calculate 0 + ((17 - 22) + -11 - -29).
13
What is the value of 13 + 3 + 0 + (71 - 66)?
21
What is (25 - 11 - -5 - 3) + -2 + -1?
13
What is the value of -26 + -18 + 23 + 3?
-18
What is the value of 9 - (1 + 2 - (21 - 36))?
-9
4 - 3 - 0 - (-112 - -104) - 3
6
-9 - (36 - (26 + -3))
-22
What is the value of -6 + (-29 + 24 - -41)?
30
Evaluate 189 + -179 - (-2 + 3 + 27).
-18
Calculate 9 + (-22 - -26) + -1 + -3.
9
Evaluate -7 + 12 - (4 - 7 - 3).
11
11 + 0 - (-95 + 97)
9
Evaluate (161 - 175 - (-7 + 1)) + -2 + -1.
-11
Evaluate -2 + 0 + (-172 - -178) - 38.
-34
What is (-37 - -1) + 244 + -198?
10
What is the value of 15 + (-21 - ((-2 - -8) + -6))?
-6
Calculate 11 - ((4 - -14) + 1).
-8
What is the value of (-46 - -41 - (0 + -3)) + -14?
-16
(12 - -1) + (-18 - 1) + -12 + 19
1
What is the value of -30 - ((-36 - -46) + -50)?
10
-7 + (-7 - -1 - -4) + -2
-11
-4 + 10 + (16 - 13) + 0 + -6
3
What is the value of 29 + (16 - (47 - 20))?
18
What is the value of 23 + -8 - 21 - (0 + 3)?
-9
Calculate (2 + 1 + 7 - (-46 - -41)) + 9.
24
What is -27 + 35 - (24 + -12)?
-4
Evaluate -1 - (0 - 2) - (22 + 8 - 27).
-2
Calculate -16 + 12 + (-8 - -1 - 2).
-13
Calculate -24 - (-20 - (-21 - -1)).
-24
What is -35 - 2 - (-20 - -3)?
-20
10 + -16 + (3 - 8 - -5)
-6
Calculate -29 - -25 - (2 + -11 + (3 - 4)).
6
What is (-9 + 2 - (-9 + 17)) + 9?
-6
What is 1 - 0 - (-18 + (6 - (0 - 3)))?
10
What is the value of -1 + (-17 - (-12 + 4))?
-10
Evaluate (1 + 3 - (-33 + 32)) + 6 + 2.
13
What is the value of 2 - (2 - 1) - (-11 - -35)?
-23
11 - (-4 + 24 + -1 + -9)
1
5 - (-14 - -5 - -18)
-4
(5 - -7) + -5 + 4 + 2
13
What is the value of 5 - (9 + -7 + (-9 - -8))?
4
What is the value of -11 - ((-42 - -38) + -15 + 5)?
3
Evaluate -29 - 6 - -9 - -37.
11
Evaluate 6 + 2 + -3 - -5.
10
Evaluate 5 - (-5 + 10 - (14 + -5)).
9
What is 33 + -11 + (45 - 59)?
8
What is 2 + (17 - 26) + 19?
12
What is the value of -15 + (-16 + 8 - -6 - 0)?
-17
What is -6 - (-1 - 0) - (-57 + 49) - -14?
17
Evaluate (10 - 0 - 3 - -3) + -20.
-10
What is the value of 1 + -7 - (13 - (-5 - -8 - -9))?
-7
What is the value of 6 - (8 - 4) - (-23 - (-57 + 13))?
-19
What is the value of -15 + -12 + 8 - (-5 - -4)?
-18
Evaluate -8 + (-18 - -28) + (0 - 22).
-20
Calculate 7 + -38 - (44 + -34 + (-16 - -1)).
-26
What is the value of -7 - (7 - (18 + -10) - 23)?
17
Evaluate -14 - 1 - (169 - 202).
18
(2 - 0) + 6 - (6 - 7)
9
What is the value of (7 - (8 - 17)) + -15?
1
Calculate 7 + -4 + -16 - -20 - (-5 - 1).
13
Evaluate (-97 - -107 - (19 - 1)) + -4.
-12
What is the value of -25 + 0 - (142 + -153)?
-14
What is -4 - ((34 - 42) + 29 + -6)